81697?
False
Is 509644506 a multiple of 2791?
False
Does 314 divide 3019564?
False
Does 66 divide 970631508?
True
Is 57 a factor of 39486355?
False
Does 3 divide 29159799?
True
Is 1028690153 a multiple of 143?
False
Is 41124688 a multiple of 88?
True
Does 8 divide 472481961?
False
Is 3460 a factor of 309203873?
False
Is 21 a factor of 10338384?
True
Is 23812367 a multiple of 4?
False
Does 15 divide 201712695?
True
Is 3471273720 a multiple of 7528?
True
Is 909957528 a multiple of 1893?
True
Does 269 divide 70713644?
True
Does 1210 divide 9152440?
True
Does 31 divide 540451086?
True
Does 73 divide 6897259?
True
Does 48 divide 57202848?
True
Is 7 a factor of 52946012?
True
Is 5 a factor of 31126840?
True
Does 9816 divide 1946797464?
True
Is 51 a factor of 88081787?
False
Is 24924536 a multiple of 67?
True
Is 106 a factor of 51206565?
False
Is 1337211845 a multiple of 350?
False
Does 2 divide 60766207?
False
Does 416 divide 1390269920?
True
Does 105 divide 28623945?
True
Does 401 divide 50602258?
False
Is 3648806 a multiple of 14?
True
Is 1564157364 a multiple of 924?
True
Does 136 divide 129611128?
True
Is 898073660 a multiple of 3278?
True
Is 52118597 a multiple of 167?
False
Is 2450 a factor of 1380471993?
False
Is 393382080 a multiple of 342?
True
Is 281611343 a multiple of 245?
False
Is 32019175 a multiple of 3?
False
Is 681933570 a multiple of 4915?
False
Is 696365265 a multiple of 15?
True
Does 311 divide 125895943?
False
Is 21 a factor of 168070202?
False
Does 147 divide 17135388?
False
Is 503 a factor of 223086175?
False
Is 56367948 a multiple of 6?
True
Is 763018986 a multiple of 56?
False
Is 51491623 a multiple of 2567?
False
Is 46798520 a multiple of 95?
True
Is 328 a factor of 170699728?
True
Does 6713 divide 307103370?
False
Is 17 a factor of 1565883483?
False
Does 906 divide 14364734?
False
Is 57137624 a multiple of 308?
False
Does 11 divide 55344512?
False
Is 4771809212 a multiple of 107?
False
Is 30534840 a multiple of 27?
True
Is 72696204 a multiple of 532?
True
Does 24 divide 48424218?
False
Is 147119316 a multiple of 276?
True
Does 2159 divide 124580777?
True
Does 5341 divide 290553460?
False
Does 488 divide 6501902160?
True
Is 850 a factor of 360238500?
True
Is 185240936 a multiple of 1111?
False
Does 101 divide 11293719?
True
Does 7215 divide 721362915?
True
Is 245177198 a multiple of 1087?
True
Is 126637509 a multiple of 64?
False
Is 104 a factor of 653641570?
False
Is 33 a factor of 163324689?
True
Is 3 a factor of 211586447?
False
Is 370387548 a multiple of 115?
False
Is 30 a factor of 32644830?
True
Is 26048946 a multiple of 901?
False
Is 4 a factor of 197989464?
True
Is 826487277 a multiple of 1407?
True
Is 588 a factor of 329632800?
True
Is 59223450 a multiple of 330?
True
Is 467529010 a multiple of 1769?
True
Is 1395 a factor of 12919095?
True
Is 4589797211 a multiple of 97?
False
Is 15 a factor of 17893575?
True
Is 260 a factor of 9724780?
True
Does 47 divide 1051349251?
True
Is 196554242 a multiple of 103?
False
Is 51 a factor of 100061643?
True
Does 50 divide 4496133?
False
Is 55 a factor of 489068702?
False
Is 208 a factor of 47913825?
False
Is 99 a factor of 567855001?
False
Does 43 divide 44362670?
True
Is 43608880 a multiple of 7?
True
Is 3461149408 a multiple of 2494?
False
Does 7 divide 45646721?
False
Is 108409460 a multiple of 10?
True
Is 730910726 a multiple of 44?
False
Does 852 divide 1337875152?
True
Is 521 a factor of 37689140?
True
Is 135 a factor of 2246045625?
True
Is 712686106 a multiple of 7?
False
Is 16107866 a multiple of 39?
False
Does 346 divide 478395551?
False
Does 372 divide 145309582?
False
Does 35 divide 348062225?
True
Is 68141008 a multiple of 332?
True
Does 219 divide 1273013054?
False
Does 105 divide 30451366?
False
Does 968 divide 384704496?
True
Is 21 a factor of 32049843?
True
Is 1595 a factor of 37679575?
False
Is 60 a factor of 6379458840?
True
Does 49 divide 1814858518?
False
Is 3910 a factor of 1311015180?
True
Does 19 divide 326379808?
False
Is 21619693 a multiple of 14?
False
Is 9 a factor of 1103480040?
False
Is 3876875 a multiple of 244?
False
Is 93767844 a multiple of 233?
False
Is 328 a factor of 1260176?
True
Is 193 a factor of 9298740?
True
Is 164772575 a multiple of 239?
True
Is 7110 a factor of 401523030?
True
Is 361632684 a multiple of 12?
True
Does 163 divide 614299201?
False
Is 795216910 a multiple of 917?
False
Is 27 a factor of 2640105520?
False
Is 633841 a multiple of 1311?
False
Does 463 divide 774779107?
True
Is 135259267 a multiple of 13?
True
Is 210541451 a multiple of 1761?
False
Is 1490320790 a multiple of 1499?
True
Is 64 a factor of 41355712?
True
Does 137 divide 12361647?
True
Does 64 divide 7006773?
False
Is 7 a factor of 62722880?
False
Does 291 divide 20106063?
True
Does 4036 divide 1438414256?
True
Is 1195 a factor of 145769396?
False
Does 16 divide 5181674?
False
Does 108 divide 8900388?
True
Is 56959534 a multiple of 2?
True
Is 43644015 a multiple of 17?
True
Is 34826710 a multiple of 17?
True
Does 6 divide 308725874?
False
Is 303 a factor of 561067771?
False
Is 1703 a factor of 22333142?
True
Does 5 divide 61844174?
False
Is 17 a factor of 4579371?
False
Does 4870 divide 302531775?
False
Does 7593 divide 125127587?
False
Does 8 divide 50030101?
False
Does 3360 divide 63930720?
True
Is 335 a factor of 13431825?
True
Does 115 divide 1117211315?
True
Is 9 a factor of 10591386?
False
Is 56962044 a multiple of 18?
True
Does 3719 divide 397189200?
True
Is 4578 a factor of 1928226132?
True
Is 1269541 a multiple of 4?
False
Does 63 divide 233009343?
True
Is 1112 a factor of 60096928?
True
Is 3 a factor of 23040887?
False
Is 279780400 a multiple of 1450?
True
Is 35 a factor of 5980527?
False
Does 6 divide 20256141?
False
Is 17866091 a multiple of 4?
False
Is 147 a factor of 1766696020?
False
Does 843 divide 1521264312?
True
Does 1038 divide 359386110?
False
Is 702 a factor of 67681926?
True
Is 29010916 a multiple of 62?
True
Is 329981385 a multiple of 110?
False
Is 5064453 a multiple of 33?
False
Is 6 a factor of 17064087?
False
Is 31930459 a multiple of 3?
False
Does 165 divide 14966933?
False
Does 195 divide 1478472645?
True
Is 1030 a factor of 2337826020?
True
Does 3060 divide 224381423?
False
Does 63 divide 4696302681?
True
Is 13679916 a multiple of 6?
True
Is 8431818 a multiple of 213?
True
Does 1722 divide 1803064872?
True
Is 46410796 a multiple of 1108?
True
Does 12 divide 589313648?
False
Is 496248035 a multiple of 500?
False
Does 8348 divide 1966715663?
False
Does 6 divide 24887340?
True
Does 66 divide 550648164?
True
Is 9 a factor of 40957580?
False
Does 32 divide 424930656?
True
Is 169 a factor of 446702152?
True
Does 363 divide 10984017?
True
Does 42 divide 428537816?
False
Is 215264130 a multiple of 223?
True
Is 292 a factor of 128931610?
False
Does 295 divide 185882505?
False
Is 7406316 a multiple of 600?
False
Is 23120153 a multiple of 259?
True
Is 80423967 a multiple of 4?
False
Is 93 a factor of 164418513?
True
Does 2875 divide 261294375?
True
Is 1200 a factor of 5628960000?
True
Is 182 a factor of 30373504?
False
Does 13 divide 702935818?
True
Is 1575 a factor of 534011007?
False
Does 58 divide 138616810?
True
Does 102 divide 132754530?
True
Is 150603815 a multiple of 911?
False
Does 316 divide 82601243?
False
Does 125 divide 17706624?
False
Does 154 divide 3328556?
True
Is 12 a factor of 21698375?
False
Is 159770086 a multiple of 49?
True
Is 129 a factor of 402015525?
False
Is 9350892 a multiple of 139?
False
Is 284939082 a multiple of 321?
False
Does 1614 divide 76274544?
False
Is 865 a factor of 106087609?
False
Does 141 divide 1385301735?
True
Does 12 divide 240377364?
True
Does 35 divide 12747455?
True
Is 21 a factor of 392945196?
True
Is 28253498 a multiple of 98?
True
Does 5 divide 83799390?
True
Is 39 a factor of 2500122813?
False
Is 4503953649 a multiple of 10677?
True
Is 2 a factor of 78978585?
False
Is 55926694 a multiple of 8?
False
Is 10866668 a multiple of 3764?
True
Is 85831575 a multiple of 15?
True
Does 10 divide 120202542?
False
Is 5437 a factor of 1124638013?
True
Does 490 divide 2096440500?
True
Is 16 a factor of 95602464?
True
Is 428 a factor of 103459584?
True
Does 5082 divide 143268233?
False
Does 29 divide 141